 -2*g - 158. Let p be (72/(-3))/((-5)/(40/3)). Calculate the highest common divisor of d and p.
32
Let r be -1 + -2*6/(-3). Let w(z) = -2*z**r + 3*z - 1 - 3*z - 4*z**2. Let k be w(-3). What is the highest common factor of k and 119?
17
Let t be ((-38)/5)/(4/(-10)). Suppose 0 = -y + t + 11. Suppose 5*a = 3*r + 2*a - 144, 4*a = -r + 33. Calculate the highest common factor of r and y.
15
Let j be 3*2/((-2)/(-3)). Let f = j + -7. Suppose -f*v + v + 9 = 0. What is the greatest common factor of v and 3?
3
Let i(w) = -18*w - 6. Let f be i(-4). Let q = f + -46. Suppose 0*n = -3*g + n, -5*g = 5*n - q. Calculate the highest common divisor of g and 7.
1
Suppose 436 = 16*g - 1244. Calculate the highest common divisor of g and 42.
21
Let h(v) = -v + 28. Let p be h(-8). What is the highest common divisor of 24 and p?
12
Let z = 34 + -17. Let a = -266 + 518. Let k = a + -116. Calculate the highest common divisor of k and z.
17
Let n(z) = -2*z**3 + 10*z**2 + 10*z - 25. Let t be n(5). What is the highest common divisor of 10 and t?
5
Let g(y) = y**2 + y - 12. Let s be g(6). Calculate the greatest common factor of 12 and s.
6
Let l be (39/(-2) - -2)*(-396)/77. What is the greatest common divisor of 45 and l?
45
Let q be (-1)/((27/6)/(-9)). Calculate the highest common factor of 22 and q.
2
Suppose -3*z - 4*q + 20 = 0, 2*z + z = 5*q + 29. Let i be (120/(-420))/(12/14 - 1). Calculate the greatest common divisor of z and i.
2
Suppose 21 = 3*y - 15. Let d(k) = k**3 + 3*k**2 - 3*k - 1. Let x be d(-3). What is the greatest common divisor of y and x?
4
Let b = -58 - -114. Let t be (b/12)/(2/6). Calculate the highest common divisor of 21 and t.
7
Let g(a) = -a**3 - 7*a**2 - 8*a + 3. Let d be g(-8). Let m = d + -71. Calculate the greatest common divisor of 12 and m.
12
Suppose -5 - 5 = -5*f. Let i be ((-56)/(-12))/(f/66). Calculate the greatest common factor of 14 and i.
14
Let q(o) = o**3 + 7*o**2 + 3*o - 5. Let u be q(-6). Calculate the greatest common divisor of 13 and u.
13
Let j(o) = 2*o. Let h(b) = -6*b. Let s(p) = -5*h(p) - 14*j(p). Let q be s(-1). Let f = q - -3. What is the highest common factor of 1 and f?
1
Let h be 1/(1*4/300). What is the greatest common divisor of 30 and h?
15
Let d = -13 - -18. Calculate the greatest common divisor of 15 and d.
5
Let w = 8 + 4. Suppose 2*a = -3*a + 520. Let u = a - 56. What is the highest common divisor of w and u?
12
Let i be (-10)/(-6) - 2/(-6). Suppose -3*t = -i*q + 7 + 3, -4*q - t = -20. Let r = -59 + 61. Calculate the highest common factor of q and r.
1
Let t be 98 + 8/(-2) + 1. Suppose -23 = -5*s - 8. Suppose -5*b + s*v + 196 = 0, 0 = b - 4*v - 4 - 42. What is the highest common divisor of t and b?
19
Let t be 8/(-24) + 76/3. Calculate the greatest common divisor of t and 225.
25
Suppose -4*q - 3 = -67. What is the greatest common divisor of 32 and q?
16
Let z(h) = -3*h**2 + 2*h - 6*h - 23*h**3 + 24*h**3 + 4. Let v be z(4). What is the highest common factor of 6 and v?
2
Suppose 4*v - 8*v + 540 = 0. Let n be v/(-12)*(-8)/3. What is the highest common factor of n and 45?
15
Let f(r) = -r**3 - 4*r**2 + 4*r - 5. Let p be f(-5). Suppose -2*b + p*b = -10. Let g = -103 + 108. What is the greatest common divisor of b and g?
5
Let z = 183 - 106. Calculate the greatest common divisor of z and 7.
7
Suppose 0 = -x - 4*x + s + 170, -5*x + 4*s + 155 = 0. Suppose -5*u = w - x, 4*w + 2*u - 87 = -19. What is the greatest common divisor of 135 and w?
15
Let k be 2*(-5)/(10/(-87)). What is the greatest common divisor of k and 58?
29
Suppose 3*z = z - 24. Let f be 2/3 - (-56)/z. Let m be 24/f*26/(-4). Calculate the greatest common divisor of m and 26.
13
Let w = -11 + 15. Suppose -15 = -3*l + i - 2, w*i = l - 19. Suppose z = h - l*z - 5, 0 = -2*h + z + 17. What is the greatest common factor of h and 1?
1
Let h = -106 - -129. Calculate the greatest common divisor of 92 and h.
23
Let o = -15 - -43. Let r be (-2)/7 + 148/o. Suppose -r*c + 1 = q, 0 = 5*c + 11 + 4. What is the greatest common divisor of q and 16?
16
Let s(i) = i + 5. Let r be s(-1). Calculate the greatest common factor of 20 and r.
4
Let f(w) = 3*w - 3. Let i be f(5). Let g be 2 + 0 + 21 + 1. What is the highest common factor of i and g?
12
Suppose 0 = 2*v + 5*n - 14, -5*v + 4*n + 67 = -2*v. Let f = v + -9. Calculate the highest common divisor of f and 16.
8
Let y be (45 - -4) + 4 + 6/(-2). What is the highest common divisor of y and 20?
10
Let s be 66*((-27)/(-6) + -1). Suppose -4*g - 3*r - 7 = -s, -3*r = 3*g - 168. Calculate the greatest common factor of g and 7.
7
Suppose -4*k = 1 + 31. Let v = -13 + k. Let a = v - -30. What is the greatest common factor of 45 and a?
9
Let i(w) = -7*w**3 + 4*w. Let m be i(-2). Calculate the greatest common divisor of m and 16.
16
Suppose 8 = -3*r - 4*f, -2*f - 3*f = -2*r + 33. Let p be r/10 - (-118)/5. Let j = -1 - -13. What is the highest common divisor of j and p?
12
Let l(x) = x**2 - 12*x - 27. Let r be l(14). Calculate the highest common divisor of r and 1.
1
Let h(n) be the third derivative of 11*n**5/60 - n**3/6 + 3*n**2. Let a be h(1). Calculate the greatest common factor of a and 20.
10
Let d = 39 - 30. What is the greatest common factor of 81 and d?
9
Suppose -4*q = -73 - 11. Calculate the highest common divisor of q and 21.
21
Suppose 21 = 3*c - 5*y - 164, 3*c - y - 193 = 0. Suppose 5*o - 6*o = -c. Calculate the highest common factor of 26 and o.
13
Let d = 275 + -265. Let s = 43 + 7. What is the highest common divisor of d and s?
10
Let s = 1 - 0. Let r(t) = 5*t + 1. Let a be r(s). Suppose 5*b - a = 64. Calculate the greatest common divisor of b and 56.
14
Suppose f + 45 = 2*x - 197, 4*f + 8 = 0. Calculate the greatest common factor of x and 15.
15
Let s be (1/(-3))/((-12)/9 - -1). What is the highest common divisor of s and 2?
1
Suppose -37 + 85 = 3*q. What is the greatest common divisor of q and 80?
16
Let z be (2 - 1)/((-2)/(-2)). Let u = z + 5. Let b be -1 - 1 - -20 - 0. What is the highest common factor of u and b?
6
Let i(k) = k**2 - 9*k - 6. Let t(a) = a**2 - 5*a - 2. Let w be t(4). Let f be i(w). Calculate the greatest common divisor of f and 12.
12
Let h be 2 - ((-2)/(-1) - 1). Let n = 14 - h. What is the highest common factor of 143 and n?
13
Let z be -3*(-5 - -3 - 4). What is the greatest common divisor of 6 and z?
6
Let k be 0 - (-9)/(-3) - -62. Let y = k + -14. What is the highest common divisor of y and 18?
9
Suppose i + 4*g + 13 - 1 = 0, 0 = g + 5. Let t = i - -5. Calculate the greatest common factor of 13 and t.
13
Let f be (2 + -4)/((-2)/4). Calculate the greatest common factor of 36 and f.
4
Suppose -1 = 5*v - 31. Suppose x = 1 + v. Calculate the highest common factor of x and 56.
7
Let s(g) = g**3 + 16*g**2 + 13*g + 4. Let j be s(-15). Calculate the highest common divisor of 17 and j.
17
Let t be -3 + 2 + (14 - -1). Let k = 31 - -13. Let g be k - 4/(1 - -1). Calculate the greatest common factor of t and g.
14
Let g(a) = -a**3 - 8*a**2 - 3*a + 4. Let c be g(-8). Calculate the greatest common divisor of 196 and c.
28
Suppose -5*v + 2*u = -372, 4*v - u - 450 = -150. Suppose z = 5*z - v. Let d = z + -10. What is the highest common factor of d and 63?
9
Let n = 22 - 22. Suppose 2*a - 1 - 15 = n. Suppose -5*t + 170 = 5*q, -3*t + 5*q = -0*t - 86. Calculate the highest common divisor of a and t.
8
Let u = 2 - -6. Let t = -6 + u. Calculate the highest common factor of t and 10.
2
Let x be 10/(-10 - -5)*(-5 - 1). Suppose -5*k + 3*a + 3 = -31, -5*a = 2*k - 26. What is the highest common factor of x and k?
4
Suppose -12*c + 10*c + 20 = 0. Calculate the greatest common factor of 70 and c.
10
Suppose -2*c = 6, -5*n - 2*c = -2*n - 129. Let g = n - -25. What is the highest common factor of g and 14?
14
Let c(b) = -b**3 - 2*b**2 + 4*b. Let j be c(-3). Let d = j - -7. Suppose -5*h + 7*h = 88. What is the greatest common factor of h and d?
4
Suppose 5*u + 10 = -n - 0, 4*n - 2 = u. Suppose n = d - 4 - 1. Let y be 35*(-3)/(-6 - -3). Calculate the highest common divisor of y and d.
5
Let k(r) = -r + 5. Let a be k(4). Suppose -2*o - 2*w = -50, -5*w + 102 + a = 4*o. What is the highest common divisor of 55 and o?
11
Let k(m) = -m**2 - 9*m - 9. Let c be k(-6). Suppose 2*b + 21 = -5*f, -5*f - 9 = -b - b. Let y be -63*2/(-3) - b